e
Is 3380953 composite?
True
Is 1212119 a prime number?
True
Is 162952831 a composite number?
False
Is 1120013 prime?
False
Is 19829981 prime?
True
Is 49189 a prime number?
False
Is 11557409 prime?
False
Is 500900579 prime?
True
Is 3700727 composite?
False
Is 81711491 composite?
False
Is 10155839 prime?
False
Is 2727367 composite?
False
Is 10469897 prime?
False
Is 49997729 prime?
True
Is 342714293 composite?
True
Is 5983631 a composite number?
False
Is 7624403 a composite number?
False
Is 2879563 composite?
False
Is 667949 prime?
True
Is 281461 prime?
False
Is 26628383 composite?
False
Is 8260397 a composite number?
False
Is 23540441 a composite number?
False
Is 271562827 a prime number?
True
Is 44304229 a prime number?
False
Is 93153961 prime?
True
Is 25290673 a prime number?
True
Is 5043583 a prime number?
False
Is 692020463 a prime number?
False
Is 1608883 composite?
False
Is 68179355 a prime number?
False
Is 5407511 a prime number?
True
Is 5837987 composite?
True
Is 336445 a composite number?
True
Is 32153071 composite?
False
Is 12556039 prime?
True
Is 28383613 a prime number?
False
Is 5943871 composite?
True
Is 4380683 composite?
False
Is 2428627 composite?
False
Is 2792081 a prime number?
False
Is 23329631 composite?
True
Is 1173203 a prime number?
False
Is 4647442 a prime number?
False
Is 1369651 composite?
False
Is 2636405 a prime number?
False
Is 66909 a prime number?
False
Is 24571097 a composite number?
False
Is 1199507 composite?
False
Is 69919361 composite?
True
Is 1693777 composite?
False
Is 352424661 composite?
True
Is 118748957 prime?
True
Is 15621817 a composite number?
False
Is 5336033 a composite number?
False
Is 180637757 composite?
False
Is 9035506 a composite number?
True
Is 700242041 a prime number?
True
Is 31349555 composite?
True
Is 174902489 prime?
True
Is 9666301 a prime number?
True
Is 14118141 composite?
True
Is 175213 a composite number?
True
Is 9678769 a prime number?
False
Is 254401579 a composite number?
False
Is 2982481 a composite number?
True
Is 902023 prime?
False
Is 156153101 composite?
True
Is 186278851 composite?
True
Is 2145311 a prime number?
False
Is 37915217 composite?
False
Is 6364049 a prime number?
True
Is 49889 a prime number?
False
Is 64214563 prime?
False
Is 71247349 composite?
False
Is 965749 composite?
False
Is 6694393 a prime number?
True
Is 2177519 prime?
True
Is 170885083 prime?
False
Is 5288561 a composite number?
True
Is 32269627 a composite number?
True
Is 65457643 a composite number?
True
Is 101198969 prime?
True
Is 572009 a prime number?
False
Is 11328029 a composite number?
True
Is 70218947 a prime number?
False
Is 21605329 prime?
True
Is 17977403 composite?
True
Is 157757629 composite?
False
Is 18644431 composite?
True
Is 29280367 a composite number?
False
Is 552301 a prime number?
True
Is 50118323 a composite number?
False
Is 1768873 a composite number?
False
Is 1719079 a composite number?
True
Is 88456301 a composite number?
False
Is 315643049 composite?
True
Is 964637 prime?
True
Is 14570791 a prime number?
False
Is 29262539 a composite number?
False
Is 499683 a composite number?
True
Is 75055499 a composite number?
True
Is 7124709 composite?
True
Is 402924883 prime?
False
Is 1180601 composite?
True
Is 151930477 composite?
True
Is 65487441 a composite number?
True
Is 26077153 composite?
False
Is 204133 prime?
True
Is 527327 a prime number?
True
Is 24055139 composite?
False
Is 2977453 a prime number?
False
Is 942180563 a composite number?
True
Is 7326755 a composite number?
True
Is 8396483 a composite number?
False
Is 10527245 a prime number?
False
Is 28295671 a composite number?
False
Is 1460879 prime?
False
Is 217980353 a prime number?
True
Is 257471791 composite?
False
Is 85700333 composite?
True
Is 117384247 prime?
False
Is 67685407 prime?
True
Is 49417 prime?
True
Is 12560546 prime?
False
Is 4734833 a composite number?
False
Is 41003819 a composite number?
False
Is 662887 composite?
True
Is 11474297 a composite number?
True
Is 1450921 a composite number?
True
Is 2059559 composite?
True
Is 671527 prime?
False
Is 2128045 prime?
False
Is 142339919 a composite number?
True
Is 41708474 prime?
False
Is 5105231 a composite number?
False
Is 32747419 composite?
True
Is 1492331 a composite number?
False
Is 2295911 composite?
False
Is 621169 composite?
True
Is 3144191 composite?
False
Is 140207 composite?
False
Is 1510471 a composite number?
True
Is 8474083 prime?
True
Is 160817 a composite number?
False
Is 11737949 a composite number?
False
Is 4869379 a prime number?
False
Is 547770353 composite?
True
Is 1194421 a prime number?
True
Is 5339977 prime?
False
Is 204461 a composite number?
False
Is 3028469 prime?
True
Is 861955761 a composite number?
True
Is 26224441 a composite number?
False
Is 20693171 prime?
True
Is 285421 a prime number?
True
Is 30652295 a prime number?
False
Is 46352113 composite?
False
Is 12300481 a prime number?
True
Is 17257063 composite?
False
Is 38333017 composite?
False
Is 17351551 a composite number?
True
Is 65153 a prime number?
False
Is 2006831 a prime number?
True
Is 90866843 prime?
True
Is 2611013 a prime number?
False
Is 62380987 a composite number?
False
Is 92146 prime?
False
Is 2855977 composite?
True
Is 126872611 prime?
False
Is 101425483 a prime number?
False
Is 95230727 composite?
True
Is 2293853 a prime number?
False
Is 6348523 a prime number?
True
Is 762163 prime?
False
Is 36077621 composite?
True
Is 259687471 composite?
False
Is 339706299 prime?
False
Is 14863633 composite?
False
Is 34193849 a composite number?
False
Is 185241727 a composite number?
True
Is 447668129 prime?
True
Is 25012483 a prime number?
False
Is 39608909 composite?
False
Is 508451 a prime number?
True
Is 44883143 a composite number?
True
Is 1485703 a prime number?
True
Is 7608131 a prime number?
True
Is 200984551 composite?
False
Is 11007071 a composite number?
True
Is 131597407 a prime number?
False
Is 543090071 a composite number?
True
Is 53838557 a composite number?
False
Is 4105873 a composite number?
True
Is 131945023 a composite number?
True
Is 3054517 a prime number?
True
Is 69530491 a prime number?
True
Is 95367193 a composite number?
True
Is 1675451 prime?
False
Is 9500149 a composite number?
True
Is 6140801 prime?
False
Is 6847231 a prime number?
False
Is 2769769 a prime number?
False
Is 369097 prime?
True
Is 550223 prime?
False
Is 37498367 composite?
False
Is 3612335 a composite number?
True
Is 2293427 a composite number?
False
Is 2846587 composite?
True
Is 2542879 composite?
False
Is 12393631 a composite number?
True
Is 65242483 prime?
True
Is 300197 a prime number?
False
Is 131728973 prime?
True
Is 11138983 prime?
True
Is 284939 prime?
False
Is 3312053 a composite number?
False
Is 6063839 prime?
True
Is 46613911 a composite number?
False
Is 2251331 composite?
False
Is 4759621 a prime number?
True
Is 36027223 a composite number?
True
Is 22779145 a prime number?
False
Is 7522513 a composite number?
True
Is 8458253 a composite number?
False
Is 53004253 composite?
False
Is 14453987 a composite number?
False
Is 171145067 a composite number?
True
Is 503681 prime?
False
Is 280220321 a prime number?
True
Is 45207691 a composite number?
True
Is 4592303 a prime number?
True
Is 84023645 prime?
False
Is 12884741 prime?
False
Is 8726591 a prime number?
False
Is 204881613 a prime number?
False
Is 26028463 a composite number?
False
Is 28365773 a composite number?
False
Is 8396483 a prime number?
True
Is 18588827 prime?
True
Is 3885251 composite?
False
Is 7232341 prime?
True
Is 262597281 a prime number?
False
Is 22477051 composite?
False
Is 7993457 composite?
True
Is 963779 composite?
False
Is 61129 a composite number?
False
Is 5462939 a composite number?
True
Is 1611961 prime?
False
Is 1438517 a prime number?
True
Is 484829 prime?
True
Is 43543651 prime?
True
Is 1473949 prime?
True
Is 96806033 composite?
True
Is 38366017 composite?
False
Is 9529315 a composite number?
True
Is 9193867 composite?
False
Is 81061801 composite?
True
Is 8623867 composite?
True
Is 3450719 prime?
True
Is 1601687 a composite number?
False
Is 10028737 prime?
True
Is 2495767 a composite number?
False
Is 520030499 a composite number?
False
Is 3205561 prime?
False
Is 91272799 composite?
False
Is 82897643 